{"id":21,"date":"2021-08-19T19:06:23","date_gmt":"2021-08-19T19:06:23","guid":{"rendered":"https:\/\/gpsites.co\/frame\/?page_id=21"},"modified":"2025-03-19T23:57:21","modified_gmt":"2025-03-19T23:57:21","slug":"home","status":"publish","type":"page","link":"https:\/\/abundanciayplenitud.myentrenamientomental.com\/","title":{"rendered":"HOME"},"content":{"rendered":"<div class=\"gb-container gb-container-da3648a8 alignfull\"><div class=\"gb-inside-container\">\n\n<h1 class=\"gb-headline gb-headline-d9dc44bb gb-headline-text shadow-headline\">taller <br>abundancia y plenitud<br>en solo 2 d\u00edas resultados garantizados<\/h1>\n\n\n\n<h1 class=\"gb-headline gb-headline-40185aca gb-headline-text shadow-headline\"><a href=\"https:\/\/abundanciayplenitud.myentrenamientomental.com\/index.php\/testiminios\/eventos-presenciales\/\">PR\u00d3XIMAMENTE<br>GRANADA<\/a><\/h1>\n\n\n<div class=\"gb-button-wrapper gb-button-wrapper-32fc9532\">\n\n<a class=\"gb-button gb-button-029a4f2e gb-button-text\" href=\"https:\/\/abundanciayplenitud.myentrenamientomental.com\/index.php\/testiminios\/eventos-presenciales\">M\u00c1S INFORMACI\u00d3N E INSCRIPCIONES<\/a>\n\n<\/div>\n<\/div><\/div>\n\n<div class=\"gb-grid-wrapper gb-grid-wrapper-ee70f81d\">\n<div class=\"gb-grid-column gb-grid-column-3616af0f\"><div class=\"gb-container gb-container-3616af0f\"><div class=\"gb-inside-container\">\n<div class=\"wp-block-image\">\n<figure class=\"aligncenter size-large is-resized\"><img loading=\"lazy\" decoding=\"async\" width=\"1024\" height=\"768\" src=\"https:\/\/abundanciayplenitud.myentrenamientomental.com\/wp-content\/uploads\/2022\/03\/INTERROGANTE-4X3-1024x768.jpg\" alt=\"\" class=\"wp-image-1258\" style=\"width:721px;height:461px\" srcset=\"https:\/\/abundanciayplenitud.myentrenamientomental.com\/wp-content\/uploads\/2022\/03\/INTERROGANTE-4X3-1024x768.jpg 1024w, https:\/\/abundanciayplenitud.myentrenamientomental.com\/wp-content\/uploads\/2022\/03\/INTERROGANTE-4X3-300x225.jpg 300w, https:\/\/abundanciayplenitud.myentrenamientomental.com\/wp-content\/uploads\/2022\/03\/INTERROGANTE-4X3-768x576.jpg 768w, https:\/\/abundanciayplenitud.myentrenamientomental.com\/wp-content\/uploads\/2022\/03\/INTERROGANTE-4X3-1536x1152.jpg 1536w, https:\/\/abundanciayplenitud.myentrenamientomental.com\/wp-content\/uploads\/2022\/03\/INTERROGANTE-4X3.jpg 2000w\" sizes=\"auto, (max-width: 1024px) 100vw, 1024px\" \/><\/figure>\n<\/div>\n<\/div><\/div><\/div>\n\n<div class=\"gb-grid-column gb-grid-column-2c2f90ca\"><div class=\"gb-container gb-container-2c2f90ca\"><div class=\"gb-inside-container\">\n\n<h3 class=\"gb-headline gb-headline-eba9d2fd gb-headline-text\">Lo que pens\u00e1bamos sobre la abundancia hasta ahora\u2026<\/h3>\n\n\n\n<p class=\"has-medium-font-size\">\u274c  La abundancia es un proceso en el que tienes que trabajar mediante     complejos m\u00e9todos, visualizaciones y afirmaciones<br><br>\u274c  Para tener una vida abundante hay que aprender a manifestar<br><br>\u274c  La abundancia es solo para unos pocos afortunados <br><br>\u274c  Antes de ser abundante hay que sanar a todo el linaje familiar<br><br>\u274c  Hay que trabajar las emociones para vivir en abundancia<br><br>\u274c  Vivir en abundancia implica esfuerzo y sacrificio<br><br>\u2026Y seguir\u00eda con una lista interminable de ideas equivocadas y obsoletas   sobre la verdadera abundancia. Pues, <strong>\u00a1Nada de esto es verdad!<\/strong><\/p>\n\n<\/div><\/div><\/div>\n<\/div>\n\n<div class=\"gb-container gb-container-cbaa5733\"><div class=\"gb-inside-container\">\n<div class=\"wp-block-image\">\n<figure class=\"aligncenter size-large\"><img loading=\"lazy\" decoding=\"async\" width=\"1024\" height=\"138\" src=\"https:\/\/abundanciayplenitud.myentrenamientomental.com\/wp-content\/uploads\/2022\/03\/BLANCO-T-AMARILLO-1024x138.png\" alt=\"\" class=\"wp-image-1229\" srcset=\"https:\/\/abundanciayplenitud.myentrenamientomental.com\/wp-content\/uploads\/2022\/03\/BLANCO-T-AMARILLO-1024x138.png 1024w, https:\/\/abundanciayplenitud.myentrenamientomental.com\/wp-content\/uploads\/2022\/03\/BLANCO-T-AMARILLO-300x40.png 300w, https:\/\/abundanciayplenitud.myentrenamientomental.com\/wp-content\/uploads\/2022\/03\/BLANCO-T-AMARILLO-768x103.png 768w, https:\/\/abundanciayplenitud.myentrenamientomental.com\/wp-content\/uploads\/2022\/03\/BLANCO-T-AMARILLO.png 1501w\" sizes=\"auto, (max-width: 1024px) 100vw, 1024px\" \/><\/figure>\n<\/div>\n\n\n<p class=\"has-text-align-center has-medium-font-size\">PORQUE NADA ANTERIOR FUNCION\u00d3&#8230;<br>LLEGA ESTE 2022 GIRA ABUNDANCIA Y PLENITUD<\/p>\n\n\n\n<p class=\"gb-headline gb-headline-50d2b38c\"><span class=\"gb-icon\"><svg viewBox=\"0 0 36.7 3\" xmlns=\"http:\/\/www.w3.org\/2000\/svg\"><path d=\"M0 0h36.7v3H0z\"><\/path><\/svg><\/span><span class=\"gb-headline-text\"><\/span><\/p>\n\n\n<div class=\"gb-grid-wrapper gb-grid-wrapper-962eafd9\">\n<div class=\"gb-grid-column gb-grid-column-b8b1d207\"><div class=\"gb-container gb-container-b8b1d207\"><div class=\"gb-inside-container\">\n\n<h3 class=\"gb-headline gb-headline-e8d91b2e gb-headline-text\">+10<\/h3>\n\n\n\n<h5 class=\"gb-headline gb-headline-b3e7480e\"><span class=\"gb-icon\"><svg aria-hidden=\"true\" role=\"img\" height=\"1em\" width=\"1em\" viewBox=\"0 0 448 512\" xmlns=\"http:\/\/www.w3.org\/2000\/svg\"><path fill=\"currentColor\" d=\"M400 32H48C21.49 32 0 53.49 0 80v352c0 26.51 21.49 48 48 48h352c26.51 0 48-21.49 48-48V80c0-26.51-21.49-48-48-48zm0 400H48V80h352v352zm-35.864-241.724L191.547 361.48c-4.705 4.667-12.303 4.637-16.97-.068l-90.781-91.516c-4.667-4.705-4.637-12.303.069-16.971l22.719-22.536c4.705-4.667 12.303-4.637 16.97.069l59.792 60.277 141.352-140.216c4.705-4.667 12.303-4.637 16.97.068l22.536 22.718c4.667 4.706 4.637 12.304-.068 16.971z\"><\/path><\/svg><\/span><span class=\"gb-headline-text\">A\u00f1os de profundo estudio de UCDM<\/span><\/h5>\n\n<\/div><\/div><\/div>\n\n<div class=\"gb-grid-column gb-grid-column-855d5b21\"><div class=\"gb-container gb-container-855d5b21\"><div class=\"gb-inside-container\">\n\n<h3 class=\"gb-headline gb-headline-91f38850 gb-headline-text\"><strong>22<\/strong><\/h3>\n\n\n\n<h5 class=\"gb-headline gb-headline-5f0fe82e\"><span class=\"gb-icon\"><svg aria-hidden=\"true\" role=\"img\" height=\"1em\" width=\"1em\" viewBox=\"0 0 448 512\" xmlns=\"http:\/\/www.w3.org\/2000\/svg\"><path fill=\"currentColor\" d=\"M400 32H48C21.49 32 0 53.49 0 80v352c0 26.51 21.49 48 48 48h352c26.51 0 48-21.49 48-48V80c0-26.51-21.49-48-48-48zm0 400H48V80h352v352zm-35.864-241.724L191.547 361.48c-4.705 4.667-12.303 4.637-16.97-.068l-90.781-91.516c-4.667-4.705-4.637-12.303.069-16.971l22.719-22.536c4.705-4.667 12.303-4.637 16.97.069l59.792 60.277 141.352-140.216c4.705-4.667 12.303-4.637 16.97.068l22.536 22.718c4.667 4.706 4.637 12.304-.068 16.971z\"><\/path><\/svg><\/span><span class=\"gb-headline-text\">Promociones de entrenamientos mentales de un a\u00f1o<\/span><\/h5>\n\n<\/div><\/div><\/div>\n\n<div class=\"gb-grid-column gb-grid-column-72d33bea\"><div class=\"gb-container gb-container-72d33bea\"><div class=\"gb-inside-container\">\n\n<h3 class=\"gb-headline gb-headline-45b91a94 gb-headline-text\"><strong>900<\/strong><\/h3>\n\n\n\n<h5 class=\"gb-headline gb-headline-e57a2498\"><span class=\"gb-icon\"><svg aria-hidden=\"true\" role=\"img\" height=\"1em\" width=\"1em\" viewBox=\"0 0 448 512\" xmlns=\"http:\/\/www.w3.org\/2000\/svg\"><path fill=\"currentColor\" d=\"M400 32H48C21.49 32 0 53.49 0 80v352c0 26.51 21.49 48 48 48h352c26.51 0 48-21.49 48-48V80c0-26.51-21.49-48-48-48zm0 400H48V80h352v352zm-35.864-241.724L191.547 361.48c-4.705 4.667-12.303 4.637-16.97-.068l-90.781-91.516c-4.667-4.705-4.637-12.303.069-16.971l22.719-22.536c4.705-4.667 12.303-4.637 16.97.069l59.792 60.277 141.352-140.216c4.705-4.667 12.303-4.637 16.97.068l22.536 22.718c4.667 4.706 4.637 12.304-.068 16.971z\"><\/path><\/svg><\/span><span class=\"gb-headline-text\">Estudiantes<\/span><\/h5>\n\n<\/div><\/div><\/div>\n\n<div class=\"gb-grid-column gb-grid-column-c7156127\"><div class=\"gb-container gb-container-c7156127\"><div class=\"gb-inside-container\">\n\n<h3 class=\"gb-headline gb-headline-fb39e679 gb-headline-text\"><strong>+2000<\/strong><\/h3>\n\n\n\n<h5 class=\"gb-headline gb-headline-84126e87\"><span class=\"gb-icon\"><svg aria-hidden=\"true\" role=\"img\" height=\"1em\" width=\"1em\" viewBox=\"0 0 448 512\" xmlns=\"http:\/\/www.w3.org\/2000\/svg\"><path fill=\"currentColor\" d=\"M400 32H48C21.49 32 0 53.49 0 80v352c0 26.51 21.49 48 48 48h352c26.51 0 48-21.49 48-48V80c0-26.51-21.49-48-48-48zm0 400H48V80h352v352zm-35.864-241.724L191.547 361.48c-4.705 4.667-12.303 4.637-16.97-.068l-90.781-91.516c-4.667-4.705-4.637-12.303.069-16.971l22.719-22.536c4.705-4.667 12.303-4.637 16.97.069l59.792 60.277 141.352-140.216c4.705-4.667 12.303-4.637 16.97.068l22.536 22.718c4.667 4.706 4.637 12.304-.068 16.971z\"><\/path><\/svg><\/span><span class=\"gb-headline-text\">Sesiones privadas<\/span><\/h5>\n\n<\/div><\/div><\/div>\n<\/div>\n<\/div><\/div>\n\n<div class=\"gb-grid-wrapper gb-grid-wrapper-495b9d79\">\n<div class=\"gb-grid-column gb-grid-column-76974ef7\"><div class=\"gb-container gb-container-76974ef7\"><div class=\"gb-inside-container\">\n\n<h3 class=\"gb-headline gb-headline-76bc7319 gb-headline-text\">El instituto<\/h3>\n\n\n\n<p class=\"gb-headline gb-headline-6298519e\"><span class=\"gb-icon\"><svg viewBox=\"0 0 36.7 3\" xmlns=\"http:\/\/www.w3.org\/2000\/svg\"><path d=\"M0 0h36.7v3H0z\"><\/path><\/svg><\/span><span class=\"gb-headline-text\">El IDP es el medio por el cual se materializa la uni\u00f3n de las mentes con el mismo prop\u00f3sito de llegar a la paz a un nivel exponencial y es un lugar donde las personas tienen temporalmente distintos papeles: maestros y alumnos con el fin de llevar a la pr\u00e1ctica este prop\u00f3sito. El IDP parte de la premisa que una mente sin entrenar no puede lograr nada, por lo que el entrenamiento mental pasa a ser el esqueleto de todas las propuestas de estudio y lo hace bajo el programa Transigencia Cero. El objetivo del IDP<br><br><\/span><\/p>\n\n<\/div><\/div><\/div>\n\n<div class=\"gb-grid-column gb-grid-column-7b8d498e\"><div class=\"gb-container gb-container-7b8d498e\"><div class=\"gb-inside-container\">\n\n<figure class=\"wp-block-image alignwide size-large is-style-default\"><img loading=\"lazy\" decoding=\"async\" width=\"1024\" height=\"248\" src=\"https:\/\/abundanciayplenitud.myentrenamientomental.com\/wp-content\/uploads\/2022\/03\/IDPNOM-BLANCO-1024x248.png\" alt=\"\" class=\"wp-image-1227\" srcset=\"https:\/\/abundanciayplenitud.myentrenamientomental.com\/wp-content\/uploads\/2022\/03\/IDPNOM-BLANCO-1024x248.png 1024w, https:\/\/abundanciayplenitud.myentrenamientomental.com\/wp-content\/uploads\/2022\/03\/IDPNOM-BLANCO-300x73.png 300w, https:\/\/abundanciayplenitud.myentrenamientomental.com\/wp-content\/uploads\/2022\/03\/IDPNOM-BLANCO-768x186.png 768w, https:\/\/abundanciayplenitud.myentrenamientomental.com\/wp-content\/uploads\/2022\/03\/IDPNOM-BLANCO.png 1046w\" sizes=\"auto, (max-width: 1024px) 100vw, 1024px\" \/><\/figure>\n\n<\/div><\/div><\/div>\n<\/div>\n\n<div class=\"gb-container gb-container-a1e86d7c\"><div class=\"gb-inside-container\">\n\n<figure class=\"wp-block-embed aligncenter is-type-video is-provider-vimeo wp-block-embed-vimeo wp-embed-aspect-16-9 wp-has-aspect-ratio\"><div class=\"wp-block-embed__wrapper\">\n<iframe loading=\"lazy\" src=\"https:\/\/player.vimeo.com\/video\/683874860?dnt=1&amp;app_id=122963\" width=\"1200\" height=\"675\" frameborder=\"0\" allow=\"autoplay; fullscreen; picture-in-picture; clipboard-write; encrypted-media\"><\/iframe>\n<\/div><\/figure>\n\n<\/div><\/div>\n\n<div class=\"gb-container gb-container-e5c8e9ed\"><div class=\"gb-inside-container\">\n<div class=\"wp-block-image\">\n<figure class=\"aligncenter size-full\"><img loading=\"lazy\" decoding=\"async\" width=\"2364\" height=\"828\" src=\"https:\/\/abundanciayplenitud.myentrenamientomental.com\/wp-content\/uploads\/2022\/02\/T-0-ESLOGAN.jpg\" alt=\"\" class=\"wp-image-1053\" srcset=\"https:\/\/abundanciayplenitud.myentrenamientomental.com\/wp-content\/uploads\/2022\/02\/T-0-ESLOGAN.jpg 2364w, https:\/\/abundanciayplenitud.myentrenamientomental.com\/wp-content\/uploads\/2022\/02\/T-0-ESLOGAN-300x105.jpg 300w, https:\/\/abundanciayplenitud.myentrenamientomental.com\/wp-content\/uploads\/2022\/02\/T-0-ESLOGAN-1024x359.jpg 1024w, https:\/\/abundanciayplenitud.myentrenamientomental.com\/wp-content\/uploads\/2022\/02\/T-0-ESLOGAN-768x269.jpg 768w, https:\/\/abundanciayplenitud.myentrenamientomental.com\/wp-content\/uploads\/2022\/02\/T-0-ESLOGAN-1536x538.jpg 1536w, https:\/\/abundanciayplenitud.myentrenamientomental.com\/wp-content\/uploads\/2022\/02\/T-0-ESLOGAN-2048x717.jpg 2048w\" sizes=\"auto, (max-width: 2364px) 100vw, 2364px\" \/><\/figure>\n<\/div>\n\n\n<h2 class=\"gb-headline gb-headline-527f8d37 gb-headline-text shadow-headline\" id=\"eventos\">PR\u00d3XIMos talleres<\/h2>\n\n\n\n<p class=\"gb-headline gb-headline-d06d4ee9\"><span class=\"gb-icon\"><svg viewBox=\"0 0 36.7 3\" xmlns=\"http:\/\/www.w3.org\/2000\/svg\"><path d=\"M0 0h36.7v3H0z\"><\/path><\/svg><\/span><span class=\"gb-headline-text\">Todos nuestros pr\u00f3ximos talleres tienen horarios y fechas distintos, haz clic en el que te interese para m\u00e1s informaci\u00f3n.<\/span><\/p>\n\n\n<div class=\"gb-grid-wrapper gb-grid-wrapper-3fda1184\">\n<div class=\"gb-grid-column gb-grid-column-fb26d3a7\"><div class=\"gb-container gb-container-fb26d3a7\"><div class=\"gb-inside-container\">\n\r\n\t<div class=\"paoc-pro-image-popup\">\r\n\t\t<a class=\"paoc-pro-popup-cust-1096 paoc-popup-click paoc-popup-image  paoc-action-popup paoc-pro-popup-image\" href=\"javascript:void(0);\">\r\n\t\t\t<img decoding=\"async\" class=\"popupaoc-img\" src=\"https:\/\/abundanciayplenitud.myentrenamientomental.com\/wp-content\/uploads\/2022\/02\/QUITO-300x300.jpg\" alt=\"\" \/>\r\n\t\t<\/a>\r\n\r\n\t\t\t<\/div>\r\n\r\n\n\n<\/div><\/div><\/div>\n\n<div class=\"gb-grid-column gb-grid-column-64700c3f\"><div class=\"gb-container gb-container-64700c3f\"><div class=\"gb-inside-container\">\n\r\n\t<div class=\"paoc-pro-image-popup\">\r\n\t\t<a class=\"paoc-pro-popup-cust-1099 paoc-popup-click paoc-popup-image  paoc-action-popup paoc-pro-popup-image\" href=\"javascript:void(0);\">\r\n\t\t\t<img decoding=\"async\" class=\"popupaoc-img\" src=\"https:\/\/abundanciayplenitud.myentrenamientomental.com\/wp-content\/uploads\/2022\/02\/ACAPULCO-300x300.jpg\" alt=\"\" \/>\r\n\t\t<\/a>\r\n\r\n\t\t\t<\/div>\r\n\r\n\n\n<\/div><\/div><\/div>\n<\/div>\n\n<div class=\"gb-grid-wrapper gb-grid-wrapper-3b87297e\">\n<div class=\"gb-grid-column gb-grid-column-d53ce61a\"><div class=\"gb-container gb-container-d53ce61a\"><div class=\"gb-inside-container\">\n\r\n\t<div class=\"paoc-pro-image-popup\">\r\n\t\t<a class=\"paoc-pro-popup-cust-1100 paoc-popup-click paoc-popup-image  paoc-action-popup paoc-pro-popup-image\" href=\"javascript:void(0);\">\r\n\t\t\t<img decoding=\"async\" class=\"popupaoc-img\" src=\"https:\/\/abundanciayplenitud.myentrenamientomental.com\/wp-content\/uploads\/2022\/02\/CALIFORNIA-300x300.jpg\" alt=\"\" \/>\r\n\t\t<\/a>\r\n\r\n\t\t\t<\/div>\r\n\r\n\n\n<\/div><\/div><\/div>\n\n<div class=\"gb-grid-column gb-grid-column-cbc6eefa\"><div class=\"gb-container gb-container-cbc6eefa\"><div class=\"gb-inside-container\">\n\r\n\t<div class=\"paoc-pro-image-popup\">\r\n\t\t<a class=\"paoc-pro-popup-cust-1101 paoc-popup-click paoc-popup-image  paoc-action-popup paoc-pro-popup-image\" href=\"javascript:void(0);\">\r\n\t\t\t<img decoding=\"async\" class=\"popupaoc-img\" src=\"https:\/\/abundanciayplenitud.myentrenamientomental.com\/wp-content\/uploads\/2022\/05\/ABUNDANCIA-2022-rioja-02-600-300x300.jpg\" alt=\"\" \/>\r\n\t\t<\/a>\r\n\r\n\t\t\t<\/div>\r\n\r\n\n\n<\/div><\/div><\/div>\n<\/div>\n<\/div><\/div>\n\n<div class=\"gb-container gb-container-d3b2462b\"><div class=\"gb-inside-container\">\n<div class=\"gb-container gb-container-554bb4af\"><div class=\"gb-inside-container\">\n\n<h2 class=\"gb-headline gb-headline-f687e01b gb-headline-text shadow-headline\"><strong>servicios<\/strong><\/h2>\n\n\n\n<p class=\"gb-headline gb-headline-09a49995\"><span class=\"gb-icon\"><svg viewBox=\"0 0 36.7 3\" xmlns=\"http:\/\/www.w3.org\/2000\/svg\"><path d=\"M0 0h36.7v3H0z\"><\/path><\/svg><\/span><span class=\"gb-headline-text\">Nuestra amplia gama de servicios prestan apoyo y acompa\u00f1amiento tanto a estudiantes de nuestra plataforma como personas externas ya sean estudiantes del Curso o no.<\/span><\/p>\n\n<\/div><\/div>\n\n<div class=\"gb-grid-wrapper gb-grid-wrapper-d01960ee\">\n<div class=\"gb-grid-column gb-grid-column-36ec7941\"><div class=\"gb-container gb-container-36ec7941\"><div class=\"gb-inside-container\">\n\n<h5 class=\"gb-headline gb-headline-d2102231\"><span class=\"gb-icon\"> <svg viewBox=\"0 0 576 512\" xmlns=\"http:\/\/www.w3.org\/2000\/svg\" class=\"svg-inline--fa fa-hotel fa-w-18\" data-icon=\"hotel\" data-prefix=\"fas\" aria-hidden=\"true\"><path d=\"M560 64c8.84 0 16-7.16 16-16V16c0-8.84-7.16-16-16-16H16C7.16 0 0 7.16 0 16v32c0 8.84 7.16 16 16 16h15.98v384H16c-8.84 0-16 7.16-16 16v32c0 8.84 7.16 16 16 16h240v-80c0-8.8 7.2-16 16-16h32c8.8 0 16 7.2 16 16v80h240c8.84 0 16-7.16 16-16v-32c0-8.84-7.16-16-16-16h-16V64h16zm-304 44.8c0-6.4 6.4-12.8 12.8-12.8h38.4c6.4 0 12.8 6.4 12.8 12.8v38.4c0 6.4-6.4 12.8-12.8 12.8h-38.4c-6.4 0-12.8-6.4-12.8-12.8v-38.4zm0 96c0-6.4 6.4-12.8 12.8-12.8h38.4c6.4 0 12.8 6.4 12.8 12.8v38.4c0 6.4-6.4 12.8-12.8 12.8h-38.4c-6.4 0-12.8-6.4-12.8-12.8v-38.4zm-128-96c0-6.4 6.4-12.8 12.8-12.8h38.4c6.4 0 12.8 6.4 12.8 12.8v38.4c0 6.4-6.4 12.8-12.8 12.8h-38.4c-6.4 0-12.8-6.4-12.8-12.8v-38.4zM179.2 256h-38.4c-6.4 0-12.8-6.4-12.8-12.8v-38.4c0-6.4 6.4-12.8 12.8-12.8h38.4c6.4 0 12.8 6.4 12.8 12.8v38.4c0 6.4-6.4 12.8-12.8 12.8zM192 384c0-53.02 42.98-96 96-96s96 42.98 96 96H192zm256-140.8c0 6.4-6.4 12.8-12.8 12.8h-38.4c-6.4 0-12.8-6.4-12.8-12.8v-38.4c0-6.4 6.4-12.8 12.8-12.8h38.4c6.4 0 12.8 6.4 12.8 12.8v38.4zm0-96c0 6.4-6.4 12.8-12.8 12.8h-38.4c-6.4 0-12.8-6.4-12.8-12.8v-38.4c0-6.4 6.4-12.8 12.8-12.8h38.4c6.4 0 12.8 6.4 12.8 12.8v38.4z\" fill=\"currentColor\"><\/path><\/svg><\/span><span class=\"gb-headline-text\">FORMACIONES TERAPEUTAS Y ENTRENAMIENTOS MENTALES UCDM<\/span><\/h5>\n\n<\/div><\/div><\/div>\n\n<div class=\"gb-grid-column gb-grid-column-d8dd9a84\"><div class=\"gb-container gb-container-d8dd9a84\"><div class=\"gb-inside-container\">\n\n<h5 class=\"gb-headline gb-headline-22a8772d\"><span class=\"gb-icon\"> <svg viewBox=\"0 0 576 512\" xmlns=\"http:\/\/www.w3.org\/2000\/svg\" class=\"svg-inline--fa fa-hotel fa-w-18\" data-icon=\"hotel\" data-prefix=\"fas\" aria-hidden=\"true\"><path d=\"M560 64c8.84 0 16-7.16 16-16V16c0-8.84-7.16-16-16-16H16C7.16 0 0 7.16 0 16v32c0 8.84 7.16 16 16 16h15.98v384H16c-8.84 0-16 7.16-16 16v32c0 8.84 7.16 16 16 16h240v-80c0-8.8 7.2-16 16-16h32c8.8 0 16 7.2 16 16v80h240c8.84 0 16-7.16 16-16v-32c0-8.84-7.16-16-16-16h-16V64h16zm-304 44.8c0-6.4 6.4-12.8 12.8-12.8h38.4c6.4 0 12.8 6.4 12.8 12.8v38.4c0 6.4-6.4 12.8-12.8 12.8h-38.4c-6.4 0-12.8-6.4-12.8-12.8v-38.4zm0 96c0-6.4 6.4-12.8 12.8-12.8h38.4c6.4 0 12.8 6.4 12.8 12.8v38.4c0 6.4-6.4 12.8-12.8 12.8h-38.4c-6.4 0-12.8-6.4-12.8-12.8v-38.4zm-128-96c0-6.4 6.4-12.8 12.8-12.8h38.4c6.4 0 12.8 6.4 12.8 12.8v38.4c0 6.4-6.4 12.8-12.8 12.8h-38.4c-6.4 0-12.8-6.4-12.8-12.8v-38.4zM179.2 256h-38.4c-6.4 0-12.8-6.4-12.8-12.8v-38.4c0-6.4 6.4-12.8 12.8-12.8h38.4c6.4 0 12.8 6.4 12.8 12.8v38.4c0 6.4-6.4 12.8-12.8 12.8zM192 384c0-53.02 42.98-96 96-96s96 42.98 96 96H192zm256-140.8c0 6.4-6.4 12.8-12.8 12.8h-38.4c-6.4 0-12.8-6.4-12.8-12.8v-38.4c0-6.4 6.4-12.8 12.8-12.8h38.4c6.4 0 12.8 6.4 12.8 12.8v38.4zm0-96c0 6.4-6.4 12.8-12.8 12.8h-38.4c-6.4 0-12.8-6.4-12.8-12.8v-38.4c0-6.4 6.4-12.8 12.8-12.8h38.4c6.4 0 12.8 6.4 12.8 12.8v38.4z\" fill=\"currentColor\"><\/path><\/svg><\/span><span class=\"gb-headline-text\">EVENTOS P\u00daBLICOS Y PRIVADOS. MASTER CLASS, TALLERES, RETIROS Y CONGRESOS<\/span><\/h5>\n\n<\/div><\/div><\/div>\n\n<div class=\"gb-grid-column gb-grid-column-dbe77f3f\"><div class=\"gb-container gb-container-dbe77f3f\"><div class=\"gb-inside-container\">\n\n<h5 class=\"gb-headline gb-headline-620f17f3\"><span class=\"gb-icon\"> <svg viewBox=\"0 0 576 512\" xmlns=\"http:\/\/www.w3.org\/2000\/svg\" class=\"svg-inline--fa fa-home fa-w-18\" data-icon=\"home\" data-prefix=\"fas\" aria-hidden=\"true\"><path d=\"M280.37 148.26L96 300.11V464a16 16 0 0 0 16 16l112.06-.29a16 16 0 0 0 15.92-16V368a16 16 0 0 1 16-16h64a16 16 0 0 1 16 16v95.64a16 16 0 0 0 16 16.05L464 480a16 16 0 0 0 16-16V300L295.67 148.26a12.19 12.19 0 0 0-15.3 0zM571.6 251.47L488 182.56V44.05a12 12 0 0 0-12-12h-56a12 12 0 0 0-12 12v72.61L318.47 43a48 48 0 0 0-61 0L4.34 251.47a12 12 0 0 0-1.6 16.9l25.5 31A12 12 0 0 0 45.15 301l235.22-193.74a12.19 12.19 0 0 1 15.3 0L530.9 301a12 12 0 0 0 16.9-1.6l25.5-31a12 12 0 0 0-1.7-16.93z\" fill=\"currentColor\"><\/path><\/svg><\/span><span class=\"gb-headline-text\">SESIONES PRIVADAS CONCERTADAS (PSICOTERAPIAS UCDM)<\/span><\/h5>\n\n<\/div><\/div><\/div>\n\n<div class=\"gb-grid-column gb-grid-column-51131c80\"><div class=\"gb-container gb-container-51131c80\"><div class=\"gb-inside-container\">\n\n<h5 class=\"gb-headline gb-headline-90813f91\"><span class=\"gb-icon\"> <svg viewBox=\"0 0 512 512\" xmlns=\"http:\/\/www.w3.org\/2000\/svg\" class=\"svg-inline--fa fa-drafting-compass fa-w-16\" data-icon=\"drafting-compass\" data-prefix=\"fas\" aria-hidden=\"true\"><path d=\"M457.01 344.42c-25.05 20.33-52.63 37.18-82.54 49.05l54.38 94.19 53.95 23.04c9.81 4.19 20.89-2.21 22.17-12.8l7.02-58.25-54.98-95.23zm42.49-94.56c4.86-7.67 1.89-17.99-6.05-22.39l-28.07-15.57c-7.48-4.15-16.61-1.46-21.26 5.72C403.01 281.15 332.25 320 256 320c-23.93 0-47.23-4.25-69.41-11.53l67.36-116.68c.7.02 1.34.21 2.04.21s1.35-.19 2.04-.21l51.09 88.5c31.23-8.96 59.56-25.75 82.61-48.92l-51.79-89.71C347.39 128.03 352 112.63 352 96c0-53.02-42.98-96-96-96s-96 42.98-96 96c0 16.63 4.61 32.03 12.05 45.66l-68.3 118.31c-12.55-11.61-23.96-24.59-33.68-39-4.79-7.1-13.97-9.62-21.38-5.33l-27.75 16.07c-7.85 4.54-10.63 14.9-5.64 22.47 15.57 23.64 34.69 44.21 55.98 62.02L0 439.66l7.02 58.25c1.28 10.59 12.36 16.99 22.17 12.8l53.95-23.04 70.8-122.63C186.13 377.28 220.62 384 256 384c99.05 0 190.88-51.01 243.5-134.14zM256 64c17.67 0 32 14.33 32 32s-14.33 32-32 32-32-14.33-32-32 14.33-32 32-32z\" fill=\"currentColor\"><\/path><\/svg><\/span><span class=\"gb-headline-text\">SOPORTE EMOCIONAL<\/span><\/h5>\n\n<\/div><\/div><\/div>\n\n<div class=\"gb-grid-column gb-grid-column-567219f9\"><div class=\"gb-container gb-container-567219f9\"><div class=\"gb-inside-container\">\n\n<h5 class=\"gb-headline gb-headline-a0283583\"><span class=\"gb-icon\"> <svg viewBox=\"0 0 512 512\" xmlns=\"http:\/\/www.w3.org\/2000\/svg\" class=\"svg-inline--fa fa-hard-hat fa-w-16\" data-icon=\"hard-hat\" data-prefix=\"fas\" aria-hidden=\"true\"><path d=\"M480 288c0-80.25-49.28-148.92-119.19-177.62L320 192V80a16 16 0 0 0-16-16h-96a16 16 0 0 0-16 16v112l-40.81-81.62C81.28 139.08 32 207.75 32 288v64h448zm16 96H16a16 16 0 0 0-16 16v32a16 16 0 0 0 16 16h480a16 16 0 0 0 16-16v-32a16 16 0 0 0-16-16z\" fill=\"currentColor\"><\/path><\/svg><\/span><span class=\"gb-headline-text\">SESIONES CONCERTADAS, PRIVADAS Y GRUPALES DE ACLARACI\u00d3N DE DUDAS A ESTUDIANTES EXTERNOS<\/span><\/h5>\n\n<\/div><\/div><\/div>\n<\/div>\n<\/div><\/div>\n\n<div class=\"gb-container gb-container-295592f2\"><div class=\"gb-inside-container\">\n<div class=\"gb-container gb-container-d61bfeec\"><div class=\"gb-inside-container\">\n\n<h2 class=\"gb-headline gb-headline-00266849 gb-headline-text shadow-headline\"><strong>Galeria<\/strong><\/h2>\n\n\n\n<p class=\"gb-headline gb-headline-e4547f56\"><span class=\"gb-icon\"><svg xmlns=\"http:\/\/www.w3.org\/2000\/svg\" viewBox=\"0 0 36.7 3\"><path d=\"M0 0h36.7v3H0z\"><\/path><\/svg><\/span><span class=\"gb-headline-text\">Nuestros cursos en im\u00e1genes.<\/span><\/p>\n\n<\/div><\/div>\n\n<div class=\"gb-grid-wrapper gb-grid-wrapper-9cc6a8a2\">\n<div class=\"gb-grid-column gb-grid-column-0bf86cc2\"><div class=\"gb-container gb-container-0bf86cc2\"><div class=\"gb-inside-container\"><\/div><\/div><\/div>\n\n<div class=\"gb-grid-column gb-grid-column-b620daec\"><div class=\"gb-container gb-container-b620daec\"><div class=\"gb-inside-container\"><\/div><\/div><\/div>\n\n<div class=\"gb-grid-column gb-grid-column-36469a8e\"><div class=\"gb-container gb-container-36469a8e\"><div class=\"gb-inside-container\"><\/div><\/div><\/div>\n\n<div class=\"gb-grid-column gb-grid-column-01f370d2\"><div class=\"gb-container gb-container-01f370d2\"><div class=\"gb-inside-container\"><\/div><\/div><\/div>\n<\/div>\n<\/div><\/div>","protected":false},"excerpt":{"rendered":"<p>taller abundancia y plenituden solo 2 d\u00edas resultados garantizados PR\u00d3XIMAMENTEGRANADA PORQUE NADA ANTERIOR FUNCION\u00d3&#8230;LLEGA ESTE 2022 GIRA ABUNDANCIA Y PLENITUD PR\u00d3XIMos talleres Todos nuestros pr\u00f3ximos talleres tienen horarios y fechas distintos, haz clic en el que te interese para m\u00e1s informaci\u00f3n. servicios Nuestra amplia gama de servicios prestan apoyo y acompa\u00f1amiento tanto a estudiantes de &#8230; <a title=\"HOME\" class=\"read-more\" href=\"https:\/\/abundanciayplenitud.myentrenamientomental.com\/\" aria-label=\"M\u00e1s en HOME\">Leer m\u00e1s<\/a><\/p>\n","protected":false},"author":1,"featured_media":0,"parent":1028,"menu_order":0,"comment_status":"closed","ping_status":"closed","template":"","meta":{"inline_featured_image":false,"footnotes":""},"class_list":["post-21","page","type-page","status-publish"],"_links":{"self":[{"href":"https:\/\/abundanciayplenitud.myentrenamientomental.com\/index.php\/wp-json\/wp\/v2\/pages\/21","targetHints":{"allow":["GET"]}}],"collection":[{"href":"https:\/\/abundanciayplenitud.myentrenamientomental.com\/index.php\/wp-json\/wp\/v2\/pages"}],"about":[{"href":"https:\/\/abundanciayplenitud.myentrenamientomental.com\/index.php\/wp-json\/wp\/v2\/types\/page"}],"author":[{"embeddable":true,"href":"https:\/\/abundanciayplenitud.myentrenamientomental.com\/index.php\/wp-json\/wp\/v2\/users\/1"}],"replies":[{"embeddable":true,"href":"https:\/\/abundanciayplenitud.myentrenamientomental.com\/index.php\/wp-json\/wp\/v2\/comments?post=21"}],"version-history":[{"count":230,"href":"https:\/\/abundanciayplenitud.myentrenamientomental.com\/index.php\/wp-json\/wp\/v2\/pages\/21\/revisions"}],"predecessor-version":[{"id":1790,"href":"https:\/\/abundanciayplenitud.myentrenamientomental.com\/index.php\/wp-json\/wp\/v2\/pages\/21\/revisions\/1790"}],"up":[{"embeddable":true,"href":"https:\/\/abundanciayplenitud.myentrenamientomental.com\/index.php\/wp-json\/wp\/v2\/pages\/1028"}],"wp:attachment":[{"href":"https:\/\/abundanciayplenitud.myentrenamientomental.com\/index.php\/wp-json\/wp\/v2\/media?parent=21"}],"curies":[{"name":"wp","href":"https:\/\/api.w.org\/{rel}","templated":true}]}}